{"id":21,"date":"2020-12-08T03:53:12","date_gmt":"2020-12-08T03:53:12","guid":{"rendered":"https:\/\/gaviaspreview.com\/wp\/paroti\/?page_id=21"},"modified":"2024-10-22T17:24:37","modified_gmt":"2024-10-22T20:24:37","slug":"nosotros","status":"publish","type":"page","link":"https:\/\/grs.com.uy\/?page_id=21","title":{"rendered":"La empresa"},"content":{"rendered":"\t\t<div data-elementor-type=\"wp-page\" data-elementor-id=\"21\" class=\"elementor elementor-21\">\n\t\t\t\t\t\t<section class=\"elementor-section elementor-top-section elementor-element elementor-element-9bee43f elementor-section-stretched elementor-section-boxed elementor-section-height-default elementor-section-height-default\" data-id=\"9bee43f\" data-element_type=\"section\" data-settings=\"{&quot;background_background&quot;:&quot;slideshow&quot;,&quot;background_slideshow_gallery&quot;:[{&quot;id&quot;:2342,&quot;url&quot;:&quot;https:\\\/\\\/grs.com.uy\\\/beta\\\/wp-content\\\/uploads\\\/2024\\\/09\\\/300-robots-dark.png&quot;},{&quot;id&quot;:2343,&quot;url&quot;:&quot;https:\\\/\\\/grs.com.uy\\\/beta\\\/wp-content\\\/uploads\\\/2024\\\/09\\\/desarrollos-dark.png&quot;},{&quot;id&quot;:2344,&quot;url&quot;:&quot;https:\\\/\\\/grs.com.uy\\\/beta\\\/wp-content\\\/uploads\\\/2024\\\/09\\\/servicio-dark.png&quot;}],&quot;background_slideshow_ken_burns&quot;:&quot;yes&quot;,&quot;stretch_section&quot;:&quot;section-stretched&quot;,&quot;background_slideshow_loop&quot;:&quot;yes&quot;,&quot;background_slideshow_slide_duration&quot;:5000,&quot;background_slideshow_slide_transition&quot;:&quot;fade&quot;,&quot;background_slideshow_transition_duration&quot;:500,&quot;background_slideshow_ken_burns_zoom_direction&quot;:&quot;in&quot;}\">\n\t\t\t\t\t\t<div class=\"elementor-container elementor-column-gap-default\">\n\t\t\t\t\t<div class=\"elementor-column elementor-col-100 elementor-top-column elementor-element elementor-element-7c979b4\" data-id=\"7c979b4\" data-element_type=\"column\">\n\t\t\t<div class=\"elementor-widget-wrap elementor-element-populated\">\n\t\t\t\t\t\t<div class=\"elementor-element elementor-element-7e51773 elementor-widget__width-inherit elementor-widget elementor-widget-gva-heading-block\" data-id=\"7e51773\" data-element_type=\"widget\" data-widget_type=\"gva-heading-block.default\">\n\t\t\t\t<div class=\"elementor-widget-container\">\n\t\t\t<div class=\"gva-element-gva-heading-block gva-element\">   <div class=\"align-left style-1 widget gsc-heading box-align-left auto-responsive\">\r\n      <div class=\"content-inner\">\r\n         \r\n                  \r\n           \r\n         \r\n                     <h2 class=\"title\">\r\n               <span>La empresa<\/span>\r\n            <\/h2>\r\n                  \r\n         \r\n         \r\n      <\/div>\r\n   <\/div>\r\n<\/div>\t\t<\/div>\n\t\t\t\t<\/div>\n\t\t\t\t\t<\/div>\n\t\t<\/div>\n\t\t\t\t\t<\/div>\n\t\t<\/section>\n\t\t\t\t<section class=\"elementor-section elementor-top-section elementor-element elementor-element-4703abd elementor-section-content-top elementor-section-boxed elementor-section-height-default elementor-section-height-default\" data-id=\"4703abd\" data-element_type=\"section\" data-settings=\"{&quot;background_background&quot;:&quot;classic&quot;}\">\n\t\t\t\t\t\t<div class=\"elementor-container elementor-column-gap-wider\">\n\t\t\t\t\t<div class=\"elementor-column elementor-col-50 elementor-top-column elementor-element elementor-element-029430f\" data-id=\"029430f\" data-element_type=\"column\">\n\t\t\t<div class=\"elementor-widget-wrap elementor-element-populated\">\n\t\t\t\t\t\t<div class=\"elementor-element elementor-element-163c1f2 elementor-widget elementor-widget-image\" data-id=\"163c1f2\" data-element_type=\"widget\" data-widget_type=\"image.default\">\n\t\t\t\t<div class=\"elementor-widget-container\">\n\t\t\t<style>\/*! elementor - v3.23.0 - 05-08-2024 *\/\n.elementor-widget-image{text-align:center}.elementor-widget-image a{display:inline-block}.elementor-widget-image a img[src$=\".svg\"]{width:48px}.elementor-widget-image img{vertical-align:middle;display:inline-block}<\/style>\t\t\t\t\t\t\t\t\t\t<img fetchpriority=\"high\" decoding=\"async\" width=\"768\" height=\"513\" src=\"https:\/\/grs.com.uy\/wp-content\/uploads\/2024\/09\/a5-1-450x450-1-768x513.jpg\" class=\"attachment-medium_large size-medium_large wp-image-2350\" alt=\"\" srcset=\"https:\/\/grs.com.uy\/wp-content\/uploads\/2024\/09\/a5-1-450x450-1-768x513.jpg 768w, https:\/\/grs.com.uy\/wp-content\/uploads\/2024\/09\/a5-1-450x450-1-600x400.jpg 600w, https:\/\/grs.com.uy\/wp-content\/uploads\/2024\/09\/a5-1-450x450-1.jpg 833w\" sizes=\"(max-width: 768px) 100vw, 768px\" \/>\t\t\t\t\t\t\t\t\t\t\t\t\t<\/div>\n\t\t\t\t<\/div>\n\t\t\t\t\t<\/div>\n\t\t<\/div>\n\t\t\t\t<div class=\"elementor-column elementor-col-50 elementor-top-column elementor-element elementor-element-a71a61f\" data-id=\"a71a61f\" data-element_type=\"column\">\n\t\t\t<div class=\"elementor-widget-wrap elementor-element-populated\">\n\t\t\t\t\t\t<div class=\"elementor-element elementor-element-dadfced elementor-widget__width-initial elementor-widget elementor-widget-text-editor\" data-id=\"dadfced\" data-element_type=\"widget\" data-widget_type=\"text-editor.default\">\n\t\t\t\t<div class=\"elementor-widget-container\">\n\t\t\t<style>\/*! elementor - v3.23.0 - 05-08-2024 *\/\n.elementor-widget-text-editor.elementor-drop-cap-view-stacked .elementor-drop-cap{background-color:#69727d;color:#fff}.elementor-widget-text-editor.elementor-drop-cap-view-framed .elementor-drop-cap{color:#69727d;border:3px solid;background-color:transparent}.elementor-widget-text-editor:not(.elementor-drop-cap-view-default) .elementor-drop-cap{margin-top:8px}.elementor-widget-text-editor:not(.elementor-drop-cap-view-default) .elementor-drop-cap-letter{width:1em;height:1em}.elementor-widget-text-editor .elementor-drop-cap{float:left;text-align:center;line-height:1;font-size:50px}.elementor-widget-text-editor .elementor-drop-cap-letter{display:inline-block}<\/style>\t\t\t\t<h5><strong><span style=\"color: #000000;\">GRS es una empresa que se presenta en Uruguay conformada por un grupo de profesionales vers\u00e1tiles, con experiencia internacional y especializados en resolver problemas industriales de distintos rubros.<\/span><\/strong><\/h5><h5><strong><span style=\"color: #000000;\">Desde finales de los a\u00f1os 90 nos dedicamos a la gesti\u00f3n, desarrollo e implementaci\u00f3n de soluciones t\u00e9cnicas con los productos de nuestras representadas y con automatizaciones propias.<\/span><\/strong><\/h5><h5><strong><span style=\"color: #000000;\">El know-how y la ingenier\u00eda multidisciplinaria en sectores como el autopartista y los del packaging pl\u00e1stico y met\u00e1lico, son nuestras referencias para los clientes que han confiado en nuestros productos y servicios.<\/span><\/strong><\/h5>\t\t\t\t\t\t<\/div>\n\t\t\t\t<\/div>\n\t\t\t\t\t<\/div>\n\t\t<\/div>\n\t\t\t\t\t<\/div>\n\t\t<\/section>\n\t\t<div class=\"elementor-element elementor-element-f9c0b81 e-flex e-con-boxed e-con e-parent\" data-id=\"f9c0b81\" data-element_type=\"container\">\n\t\t\t\t\t<div class=\"e-con-inner\">\n\t\t\t\t<div class=\"elementor-element elementor-element-bc48aba elementor-widget elementor-widget-text-editor\" data-id=\"bc48aba\" data-element_type=\"widget\" data-widget_type=\"text-editor.default\">\n\t\t\t\t<div class=\"elementor-widget-container\">\n\t\t\t\t\t\t\t<h2>Proveemos soluciones t\u00e9cnicas a la industria local con distintos enfoques que van desde maquinaria o l\u00edneas de producci\u00f3n directamente desde el fabricante hasta servicio t\u00e9cnico especializado.<\/h2>\t\t\t\t\t\t<\/div>\n\t\t\t\t<\/div>\n\t\t\t\t\t<\/div>\n\t\t\t\t<\/div>\n\t\t\t\t<\/div>\n\t\t","protected":false},"excerpt":{"rendered":"<p>La empresa GRS es una empresa que se presenta en Uruguay conformada por un grupo de profesionales vers\u00e1tiles, con experiencia internacional y especializados en resolver problemas industriales de distintos rubros. Desde finales de los a\u00f1os 90 nos dedicamos a la gesti\u00f3n, desarrollo e implementaci\u00f3n de soluciones t\u00e9cnicas con los productos de nuestras representadas y con [&hellip;]<\/p>\n","protected":false},"author":1,"featured_media":0,"parent":0,"menu_order":0,"comment_status":"closed","ping_status":"closed","template":"","meta":{"footnotes":""},"class_list":["post-21","page","type-page","status-publish","hentry"],"_links":{"self":[{"href":"https:\/\/grs.com.uy\/index.php?rest_route=\/wp\/v2\/pages\/21","targetHints":{"allow":["GET"]}}],"collection":[{"href":"https:\/\/grs.com.uy\/index.php?rest_route=\/wp\/v2\/pages"}],"about":[{"href":"https:\/\/grs.com.uy\/index.php?rest_route=\/wp\/v2\/types\/page"}],"author":[{"embeddable":true,"href":"https:\/\/grs.com.uy\/index.php?rest_route=\/wp\/v2\/users\/1"}],"replies":[{"embeddable":true,"href":"https:\/\/grs.com.uy\/index.php?rest_route=%2Fwp%2Fv2%2Fcomments&post=21"}],"version-history":[{"count":131,"href":"https:\/\/grs.com.uy\/index.php?rest_route=\/wp\/v2\/pages\/21\/revisions"}],"predecessor-version":[{"id":2643,"href":"https:\/\/grs.com.uy\/index.php?rest_route=\/wp\/v2\/pages\/21\/revisions\/2643"}],"wp:attachment":[{"href":"https:\/\/grs.com.uy\/index.php?rest_route=%2Fwp%2Fv2%2Fmedia&parent=21"}],"curies":[{"name":"wp","href":"https:\/\/api.w.org\/{rel}","templated":true}]}}