{"id":2746,"date":"2024-12-14T19:32:29","date_gmt":"2024-12-14T22:32:29","guid":{"rendered":"https:\/\/grs.com.uy\/?page_id=2746"},"modified":"2024-12-16T22:53:09","modified_gmt":"2024-12-17T01:53:09","slug":"uruman-2024","status":"publish","type":"page","link":"https:\/\/grs.com.uy\/?page_id=2746","title":{"rendered":"Uruman 2024"},"content":{"rendered":"\t\t<div data-elementor-type=\"wp-page\" data-elementor-id=\"2746\" class=\"elementor elementor-2746\">\n\t\t\t\t\t\t<section class=\"elementor-section elementor-top-section elementor-element elementor-element-9bee43f elementor-section-stretched elementor-section-boxed elementor-section-height-default elementor-section-height-default\" data-id=\"9bee43f\" data-element_type=\"section\" data-settings=\"{&quot;background_background&quot;:&quot;slideshow&quot;,&quot;background_slideshow_gallery&quot;:[{&quot;id&quot;:2749,&quot;url&quot;:&quot;https:\\\/\\\/grs.com.uy\\\/wp-content\\\/uploads\\\/2024\\\/12\\\/Carousel-URUMAN-1-1.jpg&quot;},{&quot;id&quot;:2750,&quot;url&quot;:&quot;https:\\\/\\\/grs.com.uy\\\/wp-content\\\/uploads\\\/2024\\\/12\\\/Carousel-URUMAN-2.jpg&quot;},{&quot;id&quot;:2751,&quot;url&quot;:&quot;https:\\\/\\\/grs.com.uy\\\/wp-content\\\/uploads\\\/2024\\\/12\\\/Carousel-URUMAN-3.jpg&quot;}],&quot;background_slideshow_ken_burns&quot;:&quot;yes&quot;,&quot;stretch_section&quot;:&quot;section-stretched&quot;,&quot;background_slideshow_loop&quot;:&quot;yes&quot;,&quot;background_slideshow_slide_duration&quot;:5000,&quot;background_slideshow_slide_transition&quot;:&quot;fade&quot;,&quot;background_slideshow_transition_duration&quot;:500,&quot;background_slideshow_ken_burns_zoom_direction&quot;:&quot;in&quot;}\">\n\t\t\t\t\t\t<div class=\"elementor-container elementor-column-gap-default\">\n\t\t\t\t\t<div class=\"elementor-column elementor-col-100 elementor-top-column elementor-element elementor-element-7c979b4\" data-id=\"7c979b4\" data-element_type=\"column\">\n\t\t\t<div class=\"elementor-widget-wrap elementor-element-populated\">\n\t\t\t\t\t\t<div class=\"elementor-element elementor-element-7e51773 elementor-widget__width-inherit animated-slow elementor-invisible elementor-widget elementor-widget-gva-heading-block\" data-id=\"7e51773\" data-element_type=\"widget\" data-settings=\"{&quot;_animation&quot;:&quot;fadeInLeft&quot;,&quot;_animation_delay&quot;:1000}\" data-widget_type=\"gva-heading-block.default\">\n\t\t\t\t<div class=\"elementor-widget-container\">\n\t\t\t<div class=\"gva-element-gva-heading-block gva-element\">   <div class=\"align-left style-1 widget gsc-heading box-align-left auto-responsive\">\r\n      <div class=\"content-inner\">\r\n         \r\n                  \r\n           \r\n         \r\n                     <h2 class=\"title\">\r\n               <span>Estuvimos en<\/span>\r\n            <\/h2>\r\n                  \r\n                     <div class=\"title-desc\">URUMAN 2024<\/div>\r\n         \r\n         \r\n      <\/div>\r\n   <\/div>\r\n<\/div>\t\t<\/div>\n\t\t\t\t<\/div>\n\t\t\t\t\t<\/div>\n\t\t<\/div>\n\t\t\t\t\t<\/div>\n\t\t<\/section>\n\t\t<div class=\"elementor-element elementor-element-f4d6ce1 e-flex e-con-boxed e-con e-parent\" data-id=\"f4d6ce1\" data-element_type=\"container\">\n\t\t\t\t\t<div class=\"e-con-inner\">\n\t\t\t\t<div class=\"elementor-element elementor-element-e7712e7 elementor-widget__width-initial elementor-widget elementor-widget-video\" data-id=\"e7712e7\" data-element_type=\"widget\" data-settings=\"{&quot;video_type&quot;:&quot;hosted&quot;,&quot;controls&quot;:&quot;yes&quot;}\" data-widget_type=\"video.default\">\n\t\t\t\t<div class=\"elementor-widget-container\">\n\t\t\t<style>\/*! elementor - v3.23.0 - 05-08-2024 *\/\n.elementor-widget-video .elementor-widget-container{overflow:hidden;transform:translateZ(0)}.elementor-widget-video .elementor-wrapper{aspect-ratio:var(--video-aspect-ratio)}.elementor-widget-video .elementor-wrapper iframe,.elementor-widget-video .elementor-wrapper video{height:100%;width:100%;display:flex;border:none;background-color:#000}@supports not (aspect-ratio:1\/1){.elementor-widget-video .elementor-wrapper{position:relative;overflow:hidden;height:0;padding-bottom:calc(100% \/ var(--video-aspect-ratio))}.elementor-widget-video .elementor-wrapper iframe,.elementor-widget-video .elementor-wrapper video{position:absolute;top:0;right:0;bottom:0;left:0}}.elementor-widget-video .elementor-open-inline .elementor-custom-embed-image-overlay{position:absolute;top:0;right:0;bottom:0;left:0;background-size:cover;background-position:50%}.elementor-widget-video .elementor-custom-embed-image-overlay{cursor:pointer;text-align:center}.elementor-widget-video .elementor-custom-embed-image-overlay:hover .elementor-custom-embed-play i{opacity:1}.elementor-widget-video .elementor-custom-embed-image-overlay img{display:block;width:100%;aspect-ratio:var(--video-aspect-ratio);-o-object-fit:cover;object-fit:cover;-o-object-position:center center;object-position:center center}@supports not (aspect-ratio:1\/1){.elementor-widget-video .elementor-custom-embed-image-overlay{position:relative;overflow:hidden;height:0;padding-bottom:calc(100% \/ var(--video-aspect-ratio))}.elementor-widget-video .elementor-custom-embed-image-overlay img{position:absolute;top:0;right:0;bottom:0;left:0}}.elementor-widget-video .e-hosted-video .elementor-video{-o-object-fit:cover;object-fit:cover}.e-con-inner>.elementor-widget-video,.e-con>.elementor-widget-video{width:var(--container-widget-width);--flex-grow:var(--container-widget-flex-grow)}<\/style>\t\t<div class=\"e-hosted-video elementor-wrapper elementor-open-inline\">\n\t\t\t\t\t<video class=\"elementor-video\" src=\"https:\/\/grs.com.uy\/wp-content\/uploads\/2024\/12\/GIMATIC_V04_baja_compressed.mp4\" controls=\"\" preload=\"metadata\" controlsList=\"nodownload\"><\/video>\n\t\t\t\t<\/div>\n\t\t\t\t<\/div>\n\t\t\t\t<\/div>\n\t\t\t\t\t<\/div>\n\t\t\t\t<\/div>\n\t\t\t\t<section class=\"elementor-section elementor-top-section elementor-element elementor-element-4703abd elementor-section-content-top elementor-section-boxed elementor-section-height-default elementor-section-height-default\" data-id=\"4703abd\" data-element_type=\"section\" data-settings=\"{&quot;background_background&quot;:&quot;classic&quot;}\">\n\t\t\t\t\t\t<div class=\"elementor-container elementor-column-gap-wider\">\n\t\t\t\t\t<div class=\"elementor-column elementor-col-50 elementor-top-column elementor-element elementor-element-029430f\" data-id=\"029430f\" data-element_type=\"column\">\n\t\t\t<div class=\"elementor-widget-wrap elementor-element-populated\">\n\t\t\t\t\t\t<div class=\"elementor-element elementor-element-163c1f2 elementor-widget elementor-widget-image\" data-id=\"163c1f2\" data-element_type=\"widget\" data-widget_type=\"image.default\">\n\t\t\t\t<div class=\"elementor-widget-container\">\n\t\t\t<style>\/*! elementor - v3.23.0 - 05-08-2024 *\/\n.elementor-widget-image{text-align:center}.elementor-widget-image a{display:inline-block}.elementor-widget-image a img[src$=\".svg\"]{width:48px}.elementor-widget-image img{vertical-align:middle;display:inline-block}<\/style>\t\t\t\t\t\t\t\t\t\t<img fetchpriority=\"high\" decoding=\"async\" width=\"768\" height=\"512\" src=\"https:\/\/grs.com.uy\/wp-content\/uploads\/2024\/12\/WhatsApp-Image-2024-11-04-at-14.14.39-768x512.jpeg\" class=\"attachment-medium_large size-medium_large wp-image-2762\" alt=\"\" srcset=\"https:\/\/grs.com.uy\/wp-content\/uploads\/2024\/12\/WhatsApp-Image-2024-11-04-at-14.14.39-768x512.jpeg 768w, https:\/\/grs.com.uy\/wp-content\/uploads\/2024\/12\/WhatsApp-Image-2024-11-04-at-14.14.39-1024x683.jpeg 1024w, https:\/\/grs.com.uy\/wp-content\/uploads\/2024\/12\/WhatsApp-Image-2024-11-04-at-14.14.39.jpeg 1280w\" sizes=\"(max-width: 768px) 100vw, 768px\" \/>\t\t\t\t\t\t\t\t\t\t\t\t\t<\/div>\n\t\t\t\t<\/div>\n\t\t\t\t\t<\/div>\n\t\t<\/div>\n\t\t\t\t<div class=\"elementor-column elementor-col-50 elementor-top-column elementor-element elementor-element-a71a61f\" data-id=\"a71a61f\" data-element_type=\"column\">\n\t\t\t<div class=\"elementor-widget-wrap elementor-element-populated\">\n\t\t\t\t\t\t<div class=\"elementor-element elementor-element-dadfced elementor-widget__width-initial elementor-widget elementor-widget-text-editor\" data-id=\"dadfced\" data-element_type=\"widget\" data-widget_type=\"text-editor.default\">\n\t\t\t\t<div class=\"elementor-widget-container\">\n\t\t\t<style>\/*! elementor - v3.23.0 - 05-08-2024 *\/\n.elementor-widget-text-editor.elementor-drop-cap-view-stacked .elementor-drop-cap{background-color:#69727d;color:#fff}.elementor-widget-text-editor.elementor-drop-cap-view-framed .elementor-drop-cap{color:#69727d;border:3px solid;background-color:transparent}.elementor-widget-text-editor:not(.elementor-drop-cap-view-default) .elementor-drop-cap{margin-top:8px}.elementor-widget-text-editor:not(.elementor-drop-cap-view-default) .elementor-drop-cap-letter{width:1em;height:1em}.elementor-widget-text-editor .elementor-drop-cap{float:left;text-align:center;line-height:1;font-size:50px}.elementor-widget-text-editor .elementor-drop-cap-letter{display:inline-block}<\/style>\t\t\t\t<h5 data-sourcepos=\"5:3-5:425\">GRS, representante exclusivo para Uruguay de Gimatic, particip\u00f3 con \u00e9xito en el 20 congreso URUMAN + 3 congreso INGURU, celebrado del 22 al 24 de octubre en la Torre de las Telecomunicaciones de Antel.<\/h5><h5>Durante el evento, presentamos las soluciones de automatismos por vac\u00edo de GIMATIC, una empresa l\u00edder en el sector que ofrece sistemas de agarre completos, con sistemas de control avanzados y componentes de alta calidad.<\/h5><h5>Nos complace destacar la excelente respuesta e inter\u00e9s del p\u00fablico presente, que se mostr\u00f3 muy receptivo a las soluciones innovadoras que ofrece Gimatic.<\/h5><h5>Para saber m\u00e1s sobre los automatismos por vac\u00edo de Gimatic que ofrecemos, entre en contacto y con gusto le brindaremos asesoramiento personalizado.<\/h5>\t\t\t\t\t\t<\/div>\n\t\t\t\t<\/div>\n\t\t\t\t\t<\/div>\n\t\t<\/div>\n\t\t\t\t\t<\/div>\n\t\t<\/section>\n\t\t<div class=\"elementor-element elementor-element-f9c0b81 e-flex e-con-boxed e-con e-parent\" data-id=\"f9c0b81\" data-element_type=\"container\">\n\t\t\t\t\t<div class=\"e-con-inner\">\n\t\t\t\t<div class=\"elementor-element elementor-element-a6a935b elementor-widget elementor-widget-image\" data-id=\"a6a935b\" data-element_type=\"widget\" data-widget_type=\"image.default\">\n\t\t\t\t<div class=\"elementor-widget-container\">\n\t\t\t\t\t\t\t\t\t\t\t\t\t<img decoding=\"async\" width=\"900\" height=\"281\" src=\"https:\/\/grs.com.uy\/wp-content\/uploads\/2024\/12\/Mesa-de-trabajo-1-100-1024x320.webp\" class=\"attachment-large size-large wp-image-2769\" alt=\"\" srcset=\"https:\/\/grs.com.uy\/wp-content\/uploads\/2024\/12\/Mesa-de-trabajo-1-100-1024x320.webp 1024w, https:\/\/grs.com.uy\/wp-content\/uploads\/2024\/12\/Mesa-de-trabajo-1-100-768x240.webp 768w, https:\/\/grs.com.uy\/wp-content\/uploads\/2024\/12\/Mesa-de-trabajo-1-100.webp 1600w\" sizes=\"(max-width: 900px) 100vw, 900px\" \/>\t\t\t\t\t\t\t\t\t\t\t\t\t<\/div>\n\t\t\t\t<\/div>\n\t\t\t\t\t<\/div>\n\t\t\t\t<\/div>\n\t\t\t\t<\/div>\n\t\t","protected":false},"excerpt":{"rendered":"<p>Estuvimos en URUMAN 2024 https:\/\/grs.com.uy\/wp-content\/uploads\/2024\/12\/GIMATIC_V04_baja_compressed.mp4 GRS, representante exclusivo para Uruguay de Gimatic, particip\u00f3 con \u00e9xito en el 20 congreso URUMAN + 3 congreso INGURU, celebrado del 22 al 24 de octubre en la Torre de las Telecomunicaciones de Antel. Durante el evento, presentamos las soluciones de automatismos por vac\u00edo de GIMATIC, una empresa l\u00edder en [&hellip;]<\/p>\n","protected":false},"author":1,"featured_media":0,"parent":0,"menu_order":0,"comment_status":"closed","ping_status":"closed","template":"","meta":{"footnotes":""},"class_list":["post-2746","page","type-page","status-publish","hentry"],"_links":{"self":[{"href":"https:\/\/grs.com.uy\/index.php?rest_route=\/wp\/v2\/pages\/2746","targetHints":{"allow":["GET"]}}],"collection":[{"href":"https:\/\/grs.com.uy\/index.php?rest_route=\/wp\/v2\/pages"}],"about":[{"href":"https:\/\/grs.com.uy\/index.php?rest_route=\/wp\/v2\/types\/page"}],"author":[{"embeddable":true,"href":"https:\/\/grs.com.uy\/index.php?rest_route=\/wp\/v2\/users\/1"}],"replies":[{"embeddable":true,"href":"https:\/\/grs.com.uy\/index.php?rest_route=%2Fwp%2Fv2%2Fcomments&post=2746"}],"version-history":[{"count":37,"href":"https:\/\/grs.com.uy\/index.php?rest_route=\/wp\/v2\/pages\/2746\/revisions"}],"predecessor-version":[{"id":2820,"href":"https:\/\/grs.com.uy\/index.php?rest_route=\/wp\/v2\/pages\/2746\/revisions\/2820"}],"wp:attachment":[{"href":"https:\/\/grs.com.uy\/index.php?rest_route=%2Fwp%2Fv2%2Fmedia&parent=2746"}],"curies":[{"name":"wp","href":"https:\/\/api.w.org\/{rel}","templated":true}]}}